0*o**2 - 2*o + o**2. Determine s(7).
6
Let z(g) = g**3 + 1915 + 3*g - g**2 - 1905 - 2*g**3 - 10*g**2. Determine z(-11).
-23
Let a = -340 - -351. Let g(t) = 10*t - 42*t + 14*t + 10*t + a - t**2. Calculate g(-9).
2
Let h(z) = -z**3 + 11*z**2 - 10*z - 1. Let m be h(10). Let s be -4*(m - 2/(-4)). Let d(x) = -10 + 2 + x**s + 6. Calculate d(-4).
14
Suppose -5*y + 5*n + 15 = 0, -y = 3*n - 5*n - 7. Let b(c) = -3*c**3 - 9*c**2 - 4*c - 3. Let w(z) = z**3 + z + 1. Let g(f) = y*b(f) - 4*w(f). Give g(9).
-1
Let t = 2901 - 2906. Let u(l) = l**2 + l - 1. Let s(k) = -4*k**2 - 9*k + 4. Let c(b) = -s(b) - 2*u(b). Determine c(t).
13
Let o(k) = 14*k**3 + 4*k + 4. Suppose -58*c - 4 = -54*c. Give o(c).
-14
Let m = 10 + -6. Suppose -m*s = -7*l + 3*l + 56, -3*l - s = -22. Let w(t) = t**3 - 8*t**2 - 9*t + 5. Calculate w(l).
5
Let r(g) be the second derivative of -g**4/12 + 7*g**3/6 + 13*g**2/2 + 566*g. Give r(5).
23
Let r(g) be the second derivative of g**3/3 + 6*g**2 + 6*g - 350. Calculate r(4).
20
Let d(v) be the third derivative of -1/6*v**4 - 7/6*v**3 + v**2 + 1/60*v**5 - 4 + 0*v. Determine d(5).
-2
Let d(v) = 3*v**2 + 3*v + 3. Let s be d(-3). Let g(u) = -u**2 - s*u**3 + 3*u - 2*u + u**3 + 0 + 1. Let z = -610 + 609. What is g(z)?
19
Let y = 270 + -226. Suppose 0 = 16*t - 5*t + y. Let x(a) = -2*a - 5. What is x(t)?
3
Let y(h) = 18*h - 192. Let i = 7187 + -7176. Give y(i).
6
Let s(a) = 131 - 61 - 6*a - 10*a + 17*a - 66. Determine s(-1).
3
Let m(c) = c**2 - 19. Let f be (-8)/((-160)/(-36))*(-20)/6. Suppose f = -3*a - 3*d + 3, -2*d - 2 = 0. Calculate m(a).
-19
Let j(t) = -10*t + 71. Suppose -123*b + 40*b + 800 = 219. Determine j(b).
1
Let b(a) = -45*a - 20. Let i(h) = 8*h + 1. Let z(v) = -b(v) - 6*i(v). Suppose -f - f = 10. Let l(d) = -2*d + 13. Let n(c) = f*l(c) + 4*z(c). Calculate n(-6).
3
Let m(j) be the second derivative of j**4/12 + 8*j**3/3 + 5*j**2/2 - 437*j + 3. Determine m(-5).
-50
Let j(f) be the third derivative of -f**4/24 - f**3 + f**2. Suppose 33*h = -2145 - 1221. Let x = h - -95. Calculate j(x).
1
Let f(u) = u**2 - 16*u + 6. Let d(m) = -m**2 + 2*m + 1. Let j(i) = 5*i**2 + 2*i - 12. Let g(t) = 6*d(t) + j(t). Let x(z) = 4*f(z) + 5*g(z). Give x(5).
-1
Let r(b) = b + 25. Let o(c) = -8*c - 223. Let g(q) = -o(q) - 9*r(q). What is g(-2)?
0
Let m = -43949/3 - -14653. Let q(u) be the first derivative of -4*u**2 - 1/4*u**4 + m*u**3 + 8*u - 34. What is q(9)?
17
Let x(f) be the first derivative of -2*f**3/3 + 3*f**2/2 + 5*f - 2938. What is x(-4)?
-39
Let r(g) = g - 293 + 2*g**3 - 297 + 0*g**3 + 7*g + 14*g**2 + 586. Determine r(-6).
20
Let u(g) be the second derivative of -g**4/2 + 5*g**3/6 + g**2/2 - 11949*g. Determine u(-4).
-115
Let r(x) = 12*x**2 - x + 2. Let l(n) = -13*n**2 + 2*n - 3. Let s(y) = -3*l(y) - 4*r(y). Suppose 15*h = 36*h + 209 - 167. Give s(h).
-31
Let t(p) = -p**2 - 83*p + 527. Let d be t(6). Let c(h) = h**3 + 7*h**2 + 2*h - 13. What is c(d)?
-27
Let d(m) = 14*m**3 + 79*m**2 + 65*m + 66. Let f(j) = 3*j**3 + 16*j**2 + 13*j + 14. Let o(z) = 4*d(z) - 19*f(z). Let h be (3 + -16)/(-2 - -1). Calculate o(h).
-2
Let b be -10 + (5 - (-26)/(-3))*-9. Let g(y) = -y**2 + 15*y + 190. Calculate g(b).
6
Suppose 0*t - 3*u = -t + 75, 0 = -3*t - 5*u + 197. Let y = -32 + t. Let a = y - 39. Let b(f) = -2*f**3 - 3*f**2 - 3*f. Give b(a).
10
Suppose 0 = 159*u - 140*u - 76. Let n(x) be the second derivative of 5/6*x**3 + 0 + 1/20*x**5 - 1/3*x**u - x - 2*x**2. What is n(3)?
2
Let m(w) = -2*w - 63. Let t(z) = -13. Let k(g) = m(g) - 6*t(g). Calculate k(3).
9
Suppose 10 = 5*o, 4 = 5*c - 159*o + 156*o. Let s(q) = 5*q**3 - q**2 + 1. Give s(c).
37
Let b(j) be the third derivative of j**7/2520 - j**6/720 + j**5/120 + 5*j**4/24 - 104*j**2. Let o(i) be the second derivative of b(i). Calculate o(-3).
13
Let z(g) = 112*g - 68. Let q be z(4). Let l = q - 377. Let c(u) = u**2 + 8*u + 2. Let n(d) = d**2 + 7*d + 1. Let r(m) = 3*c(m) - 4*n(m). Calculate r(l).
-19
Let o(i) = 3*i**3 + 2*i**2 + 2. Let n(u) = 6*u**3 - u + 1. Let b be n(1). Suppose -b*j + 56 = -4*j. Let q = j - 30. Determine o(q).
-14
Let j(f) = -f**2 + 3*f + 3. Let v(k) = -2*k**2 + 3*k + 4. Let z(c) = -5*j(c) + 2*v(c). Let h be -3 - -8 - 3 - -5. Give z(h).
-21
Let z = 0 - -4. Suppose 0 = -z*j, -4*r - 36 = -2*j - j. Let o(c) be the second derivative of c**3/6 + 7*c**2/2 + 348*c. Determine o(r).
-2
Suppose -7*k + 66 = -k. Let r(m) = m**2 - 9*m - 17. Let a be r(k). Let p(h) = h + h**2 + 5 + a - 1. What is p(0)?
9
Let i(d) = -d**2 + 0*d**2 + 1 + 558*d + 2*d**3 - 272*d - 290*d. Determine i(3).
34
Let v(f) = -14*f**3 + 2*f**2 - f. Let w(l) = 1 + 115*l - 24 - 109*l. Let c be w(4). Calculate v(c).
-13
Suppose 775*q - 614*q = 253 + 1196. Let b(s) be the first derivative of -s**2 + 9*s + 1. Calculate b(q).
-9
Let s(x) be the third derivative of 3*x**5/20 + x**4/12 - 7*x**3/6 + 1664*x**2. Calculate s(-3).
68
Let o = 10 - 4. Let s(a) = -18 + 4 + 3904560*a**3 - 5*a - 3904561*a**3 + 7*a**2. Determine s(o).
-8
Let v(a) = -a**3 - 12*a**2 + 10*a + 118. Suppose 175*b = -2*t + 171*b - 52, 4*b + 4 = 2*t. Give v(t).
-2
Suppose 1010 - 974 = -18*y. Let q(a) be the first derivative of -a**4/6 + a**3/6 - 2*a - 2. Let d(k) be the first derivative of q(k). Give d(y).
-10
Let y(w) be the second derivative of w**5/20 + w**4/12 + w**3/6 - 13*w**2/2 - 2150*w - 1. Suppose -4*t = -t. Determine y(t).
-13
Let r(s) = 8*s - 4. Let d = -108 - -112. Suppose 12 = y + 2*h + d, 0 = -y + 4*h - 4. Calculate r(y).
28
Let b(x) = 4*x**2 + 7*x + 1. Let i(w) = w**2 + 2. Let h(a) = -b(a) + 3*i(a). Let o be 0 + 6/(-39) - 1330/(-26). Suppose -8*d = o + 13. Calculate h(d).
-3
Let b(l) = 6*l - 15. Suppose 5*r - 5*g - 20 = 0, 4*r + 2*g + 236 = 258. What is b(r)?
15
Let j(a) = 2*a + 834. Let k(b) = -3*b - 1333. Let n(s) = 8*j(s) + 5*k(s). Let f be -1 + 3 - (-2 + 4). Calculate n(f).
7
Let g be ((5/3)/5)/(2/36). Let t(z) = -5*z + 32. Let u be t(g). Let a(m) = -3*m + 3 - 4 + m - 1. Calculate a(u).
-6
Suppose 12*g + 52 = -968. Let n be (68/g)/((-1)/5). Let j(i) = i**2 - 6*i + 10. Determine j(n).
2
Let i(b) be the second derivative of -b**4/24 - b**3/2 - 57*b**2/2 - 34*b. Let f(h) be the first derivative of i(h). Let s = -3 + -4. Give f(s).
4
Let d(b) = -4*b**2 - 69*b + 22. Let p(t) = 2*t**2 + 69*t - 70. Let i(j) = 2*d(j) + 3*p(j). Give i(32).
-6
Let b(j) be the third derivative of -j**6/120 + j**5/15 + 23*j**4/24 - 19*j**3/6 + j**2 + 233. Give b(7).
-5
Let m = -70 + 73. Let s(v) = 136*v + 2 - 135*v - m. Suppose 7 = -2*r - 3. What is s(r)?
-6
Let x be (2 - 0) + (2 - 0). Let p(u) = 6*u + 7 - 6*u - u + 0*u. Let s be p(x). Let l(n) = -2*n + 2. Give l(s).
-4
Let t(s) = -37*s - 18 + 6*s + 8*s + 6*s + 6*s. Determine t(8).
-106
Let d(u) = -36*u**3 - 4*u**2 + 2*u - 61. Let x(y) = -11*y**3 - y**2 + y - 19. Let t(p) = -3*d(p) + 10*x(p). Calculate t(4).
-87
Let k(l) = -l**2 + 17*l - 31. Let d(x) = 109*x**2 - 324*x + 6. Let j be d(3). Determine k(j).
-1
Let l(g) = -g**2 + g + 5. Let x be l(-3). Let v(i) = 8*i - 2. Let s be v(16). Let p(h) = 61 - h + 63 - s. Determine p(x).
5
Let p(y) = -5*y**3 - y**2. Let d = 18 - -26. Let m = d + -43. Suppose -4*b - 5 + m = 0. What is p(b)?
4
Let v(g) = -g**2 - 14*g - 28. Let s be v(-3). Let u(m) = -19 + 17 + m - s*m - 4*m. Give u(2).
-18
Let s = 7 - 1. Let u(o) = 7*o - o**2 + 8*o - s*o - 2. Let n(i) = -i**3 + 18*i**2 - 49*i - 22. Let x be n(4). Determine u(x).
16
Let p(u) = 6*u + 8 - 5 - 4. Let l(m) = -m. Let r(t) = -3*l(t) + p(t). Let b(y) = 74*y - 297. Let x be b(4). What is r(x)?
-10
Let u be (6/9)/2 - 176/(-12). Let m(s) = -6*s - 4*s**2 + 3*s**2 + 7 + 2 - u. What is m(-6)?
-6
Let z be (276/30 - 10)*(-1910)/4. Let q(x) = z*x**3 - 186*x**3 + x**2 - 1 - 195*x**3 + x. Determine q(-2).
-7
Suppose 0*x - 27 = -5*x - 3*z, x + 17 = 5*z. Let c(d) = 363*d - 181*d - d**2 - x - 189*d. What is c(-5)?
7
Let p be ((-6)/(-18))/(1/15). Suppose -4*i + 5*i - 4 = p*n, 4*i = -n + 16. Let m(v) = v - 48*v**2 + 16 + 22*v**2 + 25*v**2. Calculate m(n).
16
Let y(q) = q**2 + 4*q + 3. Let w(x) = 2*x**2 - 26*x + 7. Let f be w(13). Suppose 0 = 13*t - f*t + 18. Calculate y(t).
0
Let g = 196 + -192. Let i(u) = -u - 7 + g - 2 + 1. Calculate i(-13).
9
Let s(j) = -j - 2. Let f be s(-3). Let a(t) be the first derivative of 9*t**2/2 - t + 1146. Give a(f).
8
Suppose -39 = -5*f - 3*b, 3*b - 5*b